v - 29. List the prime factors of l(-7).
2, 733
Suppose 0*u + 72 = 18*u. Suppose 0*n + 180 = 3*n. Suppose i + n = u*i. List the prime factors of i.
2, 5
Let n = 86 - 72. Let g(w) = w**2 - 2*w - 11. What are the prime factors of g(n)?
157
Let a(q) = 22*q - 2. Let b(c) = c**2 - 8*c - 3. Let y be b(8). Let d be a(y). Let m = -40 - d. List the prime factors of m.
2, 7
Let q(c) = 3*c**3 - 3*c**2 + 9*c - 6. List the prime factors of q(4).
2, 3, 29
Suppose 0 = -0*m + m + 5*s - 227, 0 = 5*m + 4*s - 1030. Suppose 53 = 5*j - m. What are the prime factors of j?
3, 17
Suppose 5*v - 2*c = 1145, v + 0*c - 251 = -4*c. What are the prime factors of v?
3, 7, 11
Let k(y) = y**3 - 18*y**2 + 32*y - 7. List the prime factors of k(20).
1433
Let v be (1 - 2)*-4 - 1. Suppose -18 + v = -5*g. Suppose 0*j - j + g = 0. List the prime factors of j.
3
Let n be (-7)/((1 + -3)/2). Suppose -2*j = n*j - 2421. What are the prime factors of j?
269
Suppose 133 = -0*j + j. What are the prime factors of j?
7, 19
Let g = 7 - -5. Suppose 5*l = -g - 13. List the prime factors of (5/l)/((-1)/22).
2, 11
Let h = -1548 - -2800. What are the prime factors of h?
2, 313
Let m = -416 + 944. List the prime factors of m.
2, 3, 11
Suppose 2 = 15*q - 13*q. Let k(r) = 15*r**2 - 2*r + 2. What are the prime factors of k(q)?
3, 5
Let d = -6 - 1. Let v be 2*(35/(-2))/d. Suppose -c + 4*y + 32 = 0, 4*c = -5*y + v + 18. List the prime factors of c.
2, 3
Let h = -444 + 539. Let c = -1 - -3. Suppose f = k - 4*k + 51, -k - h = -c*f. What are the prime factors of f?
2, 3
Let q(k) = -k + 8. Let d be q(4). Suppose -5*g = -2*g - 12, 0 = -4*c - d*g + 272. Let a = -42 + c. List the prime factors of a.
2, 11
Let z = 63 - 58. Suppose t - 75 = -z*j, 69 = 4*j + 2*t - 3*t. What are the prime factors of j?
2
Suppose -a = 4*a - 40. Let y = -17 + a. Let n = -2 - y. List the prime factors of n.
7
What are the prime factors of (-6 + -1)*9520/(-98)?
2, 5, 17
Suppose 25*y - 202 = 1648. List the prime factors of y.
2, 37
Let i be 18/2 + -1 + -1. Let y(b) = b - 4. Let d be y(i). Suppose 0*a = 3*a - 5*k - 178, 0 = -d*a + 4*k + 179. List the prime factors of a.
61
Suppose -5*v + 6*x = x - 410, -3*v - 2*x + 271 = 0. What are the prime factors of (28/(-42))/((-2)/v)?
29
Suppose -54*p + 39*p = -11445. List the prime factors of p.
7, 109
Suppose -3*y + 18 = 3*f - 9, 8 = 4*y. What are the prime factors of 0 + 1 + (-21)/f + 157?
5, 31
Let s(q) = -16*q - 4. Let p be s(-1). Let y(f) = 4*f - 14. List the prime factors of y(p).
2, 17
Suppose 0*s + 3*s - 2901 = 0. List the prime factors of s.
967
Let j(r) = r**3 - 6*r + 9. List the prime factors of j(7).
2, 5, 31
Suppose 13*v - 5645 + 146 = 0. List the prime factors of v.
3, 47
Let l = 119 + -113. Let i(y) = 5*y - 8. Let u(d) = 6*d - 9. Let g(m) = 5*i(m) - 4*u(m). What are the prime factors of g(l)?
2
Suppose -3*i = -4*d + 810, -11*d - 2*i + 616 = -8*d. List the prime factors of d.
2, 3, 17
Suppose 5*h - 5825 = -7*q + 2*q, -5*h = -q + 1177. What are the prime factors of q?
3, 389
Let n = 4 - 1. What are the prime factors of (452/(-16)*-2)/(n/6)?
113
Suppose -8 + 29 = -3*o. Let n = -4 - o. Suppose 5*x + 2*a = 214, 204 = x + 4*x - n*a. What are the prime factors of x?
2, 3, 7
Suppose -806 - 769 = -7*c. What are the prime factors of c?
3, 5
Suppose -3*g + 5*t - 3 - 7 = 0, 2*t = 5*g + 4. Suppose g = -2*w + 2*i - 66, -2*i - 16 = 2*i. Let y = 82 + w. List the prime factors of y.
3, 5
Suppose -f + 52 = -5*t + 151, 4*t + f = 72. Suppose -t = -d - 0*d. Suppose -16 - d = -5*c. What are the prime factors of c?
7
Suppose 554 = f + 2*l, -162 - 946 = -2*f - 5*l. List the prime factors of f.
2, 277
Let p(q) = q**2 + 4*q + 9. Let l = -18 - -24. List the prime factors of p(l).
3, 23
Let g = 32 + -27. Suppose -g*d + 2*s = -603, 3*s + 2*s = 5*d - 600. List the prime factors of d.
11
Let d be (-2 - 1)*(-1976)/(-24). Let q = d - -509. What are the prime factors of q?
2, 131
Suppose 0 = -5*g - 5, 4*g - 8 = -3*z - 3. Suppose 4*k - 318 + 126 = 0. Suppose -3*m + z = -k. What are the prime factors of m?
17
Suppose 5*a = -3*y + 153, -3*a - 2*y = -12 - 80. What are the prime factors of ((-422)/10)/(1 - a/25)?
211
List the prime factors of -3 - 2/(-4) - (-1026)/12.
83
Let v(m) = 4*m - 14 + 43 - 16. What are the prime factors of v(6)?
37
Let z(h) = h - 4. Let c be z(-1). What are the prime factors of 29 + c + (-3 - -5)?
2, 13
Let d be ((-70)/(-42))/(1/3). Suppose -m - 3 = d. Let s(p) = -5*p - 8. List the prime factors of s(m).
2
Let o = 787 + 769. What are the prime factors of o?
2, 389
List the prime factors of (-318)/265 - 17136/(-5).
2, 3, 571
Let x(a) = -8*a - 7. Let z be x(-3). Let j = 24 - z. Let o = j + 5. List the prime factors of o.
2, 3
Let b(l) = 64*l**2 - 21*l + 226. List the prime factors of b(8).
2, 31, 67
Suppose 0 = -11*m + 6*m + 5005. What are the prime factors of m?
7, 11, 13
Suppose 10*w = 9*w. Suppose 2*y + 69 - 211 = w. List the prime factors of y.
71
List the prime factors of (42 - 44)*(1 - (-337)/(-2)).
5, 67
Suppose -9*t + 327 = 12. Suppose -3 = -v + t. What are the prime factors of v?
2, 19
Suppose 4*u - 2945 = -o, 2*u - 1475 = 4*o - 5*o. Suppose 14*z = 9*z + u. List the prime factors of z.
3, 7
Suppose -5*u + 0*j - j = -10, -2*u - 5*j - 19 = 0. Suppose -5*q + u*g + 12 = 0, 0 = 4*g - 7 + 3. Suppose -7*c + q*c + 60 = 0. What are the prime factors of c?
3, 5
Suppose -q + 2 = -1. Suppose -2*m = q*m - 100. What are the prime factors of m?
2, 5
Let z(c) = -2*c**3 + 74*c**2 - 15*c + 18. List the prime factors of z(36).
2, 3, 5, 23
Let r be (-2)/(-1)*(-5 - 1). Let a be 5/4*16/4. List the prime factors of (a/(-4))/(3/r).
5
Suppose -387 = -5*k - 3*o + 294, 2*o + 6 = 0. Let f = 247 - k. What are the prime factors of f?
109
Suppose 19*q = 22*q - 759. List the prime factors of q.
11, 23
Let g(m) = -4*m**3 - 8*m**2 - 24*m + 36. List the prime factors of g(-11).
2, 3, 97
Suppose -28*r = 20*r - 96912. What are the prime factors of r?
3, 673
Let u be ((-3)/5)/((-2)/10)*1. Suppose -q = -5*m + 45, -u*m + 4*m = q + 5. What are the prime factors of m?
2, 5
Suppose -4*a = 2*d - 0*d - 32, 4 = 4*a - 5*d. Suppose -2*j - a = -5*j. List the prime factors of j.
2
Let g(w) be the first derivative of 4*w**3/3 - 23*w**2/2 + 20*w + 5. What are the prime factors of g(9)?
137
Suppose -k + 2*d + 0*d - 4 = 0, 0 = 4*k + 4*d - 8. Let n = k + 8. Suppose 89 - n = 3*r. List the prime factors of r.
3
Suppose 2*z + z + 4 = 5*u, z = 2*u - 2. Suppose u*x - 1 = -a + 4, 6 = -2*a + 4*x. What are the prime factors of 2 - 1/(a/(-16))?
2, 3
Let r(k) = 8*k**2 - 5*k + 5. Let c be 4/(-8) + (-3 - 30/(-4)). What are the prime factors of r(c)?
113
Let u(x) = -x + 6. Let d be u(3). Suppose 2*a = -5*c - 21 + 4, -d*c + 1 = 4*a. Let n(l) = 13*l - 1. List the prime factors of n(a).
3, 17
Let r be (-16)/(-24) + (-52)/(-3). Suppose -3*m = -2*o + 36, 42 - r = -2*m - 5*o. List the prime factors of (126/27)/((-2)/m).
2, 7
Suppose -5*k = -6 - 9. Suppose -4*t = -2*b + 374, 2*b - 365 = -2*t + k*t. What are the prime factors of b?
181
Let w(y) = y**2 - 10*y + 11. Let f be w(9). Suppose -a = -f*c + 277 + 244, 3*c + 5*a = 801. List the prime factors of c.
2, 131
Suppose 0 = -w + 4*l + 433, 32*l = -w + 29*l + 454. What are the prime factors of w?
5, 89
Let z(f) = f**2 + 10*f + 11. Suppose 0 = 5*h - 252 - 348. Let c be 6/(-14) + h/(-14). List the prime factors of z(c).
2
Suppose -z = 2*z. Suppose z*k - 30 = -2*k. Suppose -2*x + 31 + k = 0. List the prime factors of x.
23
Let r(w) = -7*w - 9. Let o be r(10). Let d = o + 147. List the prime factors of d.
2, 17
Suppose 54 = 2*i - 26. Suppose -6*j = -2*j + i. Let u(h) = -h - 1. List the prime factors of u(j).
3
Let u(x) be the second derivative of x**5/20 + 7*x**4/12 + x**3/2 + 9*x**2/2 - 25*x. Suppose -a - a = 12. List the prime factors of u(a).
3
Let r(x) = -11*x**3 + 4*x**2 + 4*x - 9. List the prime factors of r(-4).
743
Let c be 2 + 5 - (-2 - -3). Let v be c/(-36) - (-325)/6. Suppose -2*f + 16 = -v. List the prime factors of f.
5, 7
Let o = 71 + -11. Suppose -32404 = -11*j - 9172. What are the prime factors of 1/(-5) + j/o?
5, 7
Let d(x) = 712*x + 124. List the prime factors of d(3).
2, 5, 113
Let o = 30 - 30. Suppose o = -3*c - 2*j + 185, -2*j - 180 - 25 = -3*c. List the prime factors of c.
5, 13
Let t(g) = 20*